ed millions digit of 1220483025?
2
What is the millions digit of 30000910?
0
What is the ten millions digit of 45240033?
4
What is the hundred thousands digit of 200372333?
3
What is the hundred thousands digit of 5905822577?
8
What is the hundred thousands digit of 20668107?
6
What is the units digit of 1331628843?
3
What is the hundreds digit of 242013630?
6
What is the ten millions digit of 24332127?
2
What is the hundreds digit of 31225960?
9
What is the hundreds digit of 7967358?
3
What is the hundreds digit of 25738652?
6
What is the thousands digit of 36103540?
3
What is the ten thousands digit of 24921419?
2
What is the hundreds digit of 301658492?
4
What is the hundred millions digit of 4806670187?
8
What is the thousands digit of 188239550?
9
What is the units digit of 12921035?
5
What is the hundreds digit of 44377646?
6
What is the millions digit of 226686900?
6
What is the tens digit of 2217227517?
1
What is the thousands digit of 3659280211?
0
What is the hundred millions digit of 611061012?
6
What is the thousands digit of 2080111447?
1
What is the hundreds digit of 109619059?
0
What is the hundreds digit of 3440442508?
5
What is the tens digit of 103902514?
1
What is the ten thousands digit of 516892615?
9
What is the tens digit of 833537911?
1
What is the hundreds digit of 5236104729?
7
What is the millions digit of 786877106?
6
What is the millions digit of 237465751?
7
What is the ten millions digit of 116562482?
1
What is the thousands digit of 4192328?
2
What is the tens digit of 227285392?
9
What is the millions digit of 2427478277?
7
What is the millions digit of 2791100503?
1
What is the ten thousands digit of 530427896?
2
What is the hundred millions digit of 199666008?
1
What is the billions digit of 2554699801?
2
What is the hundreds digit of 108247795?
7
What is the hundred thousands digit of 2564400392?
4
What is the thousands digit of 128366465?
6
What is the hundreds digit of 23459384?
3
What is the ten millions digit of 280422859?
8
What is the hundred thousands digit of 26693627?
6
What is the millions digit of 20498644?
0
What is the tens digit of 8559016?
1
What is the millions digit of 4283525845?
3
What is the millions digit of 9297191?
9
What is the thousands digit of 207508732?
8
What is the ten thousands digit of 998031557?
3
What is the units digit of 38787003?
3
What is the hundred millions digit of 328165541?
3
What is the units digit of 21743936?
6
What is the hundred thousands digit of 409808449?
8
What is the hundred thousands digit of 29167088?
1
What is the ten thousands digit of 4959422?
5
What is the units digit of 761187144?
4
What is the millions digit of 250460689?
0
What is the tens digit of 70076011?
1
What is the ten thousands digit of 1560308483?
0
What is the hundred millions digit of 411562491?
4
What is the hundred thousands digit of 20216782?
2
What is the ten millions digit of 123403160?
2
What is the millions digit of 2123107721?
3
What is the ten millions digit of 1857773533?
5
What is the tens digit of 100800311?
1
What is the millions digit of 36123829?
6
What is the millions digit of 53708160?
3
What is the tens digit of 216966599?
9
What is the ten thousands digit of 1038922153?
2
What is the hundred thousands digit of 3495182033?
1
What is the ten thousands digit of 28517111?
1
What is the thousands digit of 731104493?
4
What is the hundred thousands digit of 2878457237?
4
What is the hundred thousands digit of 243590749?
5
What is the hundred millions digit of 2429958321?
4
What is the tens digit of 2343753099?
9
What is the ten millions digit of 40520839?
4
What is the hundred millions digit of 2186395106?
1
What is the ten thousands digit of 2590875376?
7
What is the ten millions digit of 3317826035?
1
What is the ten millions digit of 940764511?
4
What is the thousands digit of 2604893536?
3
What is the units digit of 31211605?
5
What is the hundreds digit of 2305966332?
3
What is the hundred millions digit of 447095237?
4
What is the tens digit of 133548820?
2
What is the hundreds digit of 316545505?
5
What is the ten millions digit of 100388923?
0
What is the thousands digit of 456094882?
4
What is the hundred thousands digit of 1785238200?
2
What is the units digit of 1235262847?
7
What is the thousands digit of 498500782?
0
What is the hundreds digit of 1215688612?
6
What is the millions digit of 16482514?
6
What is the tens digit of 115677525?
2
What is the ten millions digit of 3526247147?
2
What is the hundreds digit of 137861451?
4
What is the hundred thousands digit of 2771133?
7
What is the millions digit of 3890222806?
0
What is the units digit of 28271168?
8
What is the units digit of 180395735?
5
What is the ten millions digit of 979968723?
7
What is the thousands digit of 4807847?
7
What is the hundred thousands digit of 88494254?
4
What is the hundreds digit of 1572102029?
0
What is the ten thousands digit of 613151193?
5
What is the thousands digit of 2035274005?
4
What is the ten thousands digit of 45983192?
8
What is the ten thousands digit of 602564059?
6
What is the units digit of 567222066?
6
What is the millions digit of 20475887?
0
What is the tens digit of 476580116?
1
What is the hundred thousands digit of 43227459?
2
What is the ten thousands digit of 86992219?
9
What is the hundreds digit of 53811966?
9
What is the hundred millions digit of 164257717?
1
What is the hundreds digit of 64026074?
0
What is the units digit of 244593143?
3
What is the ten millions digit of 1148670116?
4
What is the ten millions digit of 43833341?
4
What is the hundreds digit of 509646087?
0
What is the ten millions digit of 173549679?
7
What is the units digit of 165973058?
8
What is the hundred thousands digit of 784725294?
7
What is the units digit of 29892713?
3
What is the thousands digit of 3785152?
5
What is the thousands digit of 76813104?
3
What is the millions digit of 47206692?
7
What is the hundred thousands digit of 182407543?
4
What is the hundred millions digit of 685752683?
6
What is the hundreds digit of 5004755163?
1
What is the ten millions digit of 173189533?
7
What is the hundred millions digit of 1263743833?
2
What is the units digit of 77110757?
7
What is the hundred thousands digit of 310159239?
1
What is the hundreds digit of 847353765?
7
What is the hundreds digit of 2475457235?
2
What is the millions digit of 127127213?
7
What is the hundreds digit of 30992925?
9
What is the units digit of 1944419801?
1
What is the ten thousands digit of 173339032?
3
What is the thousands digit of 33592027?
2
What is the hundred thousands digit of 29569462?
5
What is the billions digit of 1565214641?
1
What is the units digit of 23924716?
6
What is the tens digit of 173518351?
5
What is the tens digit of 132167615?
1
What is the hundreds digit of 2765150524?
5
What is the hundreds digit of 320297839?
8
What is the tens digit of 310186203?
0
What is the units digit of 5214313344?
4
What is the hundreds digit of 747888664?
6
What is the tens digit of 468992174?
7
What is the millions digit of 140734650?
0
What is the hundreds digit of 149731828?
8
What is the hundred thousands digit of 969788049?
7
What is the hundreds digit of 83106015?
0
What is the ten thousands digit of 791122380?
2
What is the hundred thousands digit of 70390232?
3
What is the millions digit of 28289549?
8
What is the tens digit of 89943819?
1
What is the ten thousands digit of 82343193?
4
What is the millions digit of 83845436?
3
What is the hundreds digit of 132926026?
0
What is the hundred millions digit of 1490358482?
4
What is the tens digit of 306397041?
4
What is the tens digit of 482564295?
9
What is the ten thousands digit of 567994512?
9
What is the units digit of 4321659300?
0
What is the hundred millions digit of 495755241?
4
What is the thousands digit of 8034452?
4
What is the tens digit of 529254555?
5
What is the thousands digit of 772147680?
7
What is the millions digit of 66483172?
6
What is the thousands digit of 6870692925?
2
What is the ten thousands digit of 56535595?
3
What is the ten thousands digit of 696469106?
6
What is the ten millions digit of 62596937?
6
What is the hundreds digit of 182112304?
3
What is the hundreds digit of 4495775843?
8
What is the tho